{"id":30,"date":"2019-09-20T10:57:23","date_gmt":"2019-09-20T10:57:23","guid":{"rendered":"https:\/\/navaloncocinas.com\/?page_id=30"},"modified":"2020-02-24T13:09:12","modified_gmt":"2020-02-24T13:09:12","slug":"quienes-somos","status":"publish","type":"page","link":"https:\/\/navaloncocinas.com\/","title":{"rendered":"Quienes somos"},"content":{"rendered":"\n<p><strong>Navalon Cocinas<\/strong>&nbsp;es una empresa con m\u00e1s de 25 a\u00f1os de experiencia, nuestros trabajos y\nclientes nos avalan:<\/p>\n\n\n\n<ul><li>La dedicaci\u00f3n plena con nuestra empresa<\/li><li>Responder a las necesidades de nuestros clientes<\/li><li>Profesionales que hacen un gran equipo<\/li><li>El buen gusto por los trabajos bien hechos<\/li><\/ul>\n\n\n\n<p>Y sobre todo la cercan\u00eda con nuestros clientes hacen el disfrute de nuestro\ntrabajo.<\/p>\n\n\n\n<p><strong>Navalon Cocinas<\/strong>&nbsp;es una empresa que ofrece servicios de Reformas Integrales o\nparciales, Cocinas, Carpinter\u00eda, Decoraci\u00f3n ,Interiorismo &#8230; buscando la\nsatisfacci\u00f3n de nuestros clientes.<\/p>\n\n\n\n<p><strong>Navalon Cocinas<\/strong>&nbsp;cuenta con el equipo de&nbsp; profesionales y de maquinaria propios\npara realizar los trabajos que nuestros clientes nos encargan sin necesidad de\nsubcontratar a otras empresas.<\/p>\n\n\n\n<p>El personal de&nbsp;<strong>Navalon Cocinas<\/strong>&nbsp;estan acostumbrados a\ngrandes exigencias en cuanto a calidad, rapidez y eficacia, sin descartar en\nning\u00fan momento el aprendizaje continuo para seguir perfeccion\u00e1ndose.<\/p>\n\n\n\n<p>Y adem\u00e1s&nbsp;<strong>Navalon Cocinas<\/strong>&nbsp;se adapta totalmente a sus\nnecesidades grandes o peque\u00f1as.<\/p>\n\n\n\n<figure class=\"wp-block-embed-youtube aligncenter wp-block-embed is-type-video is-provider-youtube wp-embed-aspect-16-9 wp-has-aspect-ratio\"><div class=\"wp-block-embed__wrapper\">\n<iframe loading=\"lazy\" width=\"770\" height=\"433\" src=\"https:\/\/www.youtube.com\/embed\/6fQiWf3hFlY?feature=oembed\" frameborder=\"0\" allow=\"accelerometer; autoplay; encrypted-media; gyroscope; picture-in-picture\" allowfullscreen><\/iframe>\n<\/div><\/figure>\n","protected":false},"excerpt":{"rendered":"<p>Navalon Cocinas&nbsp;es una empresa con m\u00e1s de 25 a\u00f1os de experiencia, nuestros trabajos y clientes nos avalan: La dedicaci\u00f3n plena con nuestra empresa Responder a las necesidades de nuestros clientes Profesionales que hacen un gran equipo El buen gusto por los trabajos bien hechos Y sobre todo la cercan\u00eda con nuestros clientes hacen el disfrute &hellip; <\/p>\n","protected":false},"author":1,"featured_media":0,"parent":0,"menu_order":0,"comment_status":"closed","ping_status":"closed","template":"","meta":{"ngg_post_thumbnail":0},"_links":{"self":[{"href":"https:\/\/navaloncocinas.com\/index.php?rest_route=\/wp\/v2\/pages\/30"}],"collection":[{"href":"https:\/\/navaloncocinas.com\/index.php?rest_route=\/wp\/v2\/pages"}],"about":[{"href":"https:\/\/navaloncocinas.com\/index.php?rest_route=\/wp\/v2\/types\/page"}],"author":[{"embeddable":true,"href":"https:\/\/navaloncocinas.com\/index.php?rest_route=\/wp\/v2\/users\/1"}],"replies":[{"embeddable":true,"href":"https:\/\/navaloncocinas.com\/index.php?rest_route=%2Fwp%2Fv2%2Fcomments&post=30"}],"version-history":[{"count":4,"href":"https:\/\/navaloncocinas.com\/index.php?rest_route=\/wp\/v2\/pages\/30\/revisions"}],"predecessor-version":[{"id":132,"href":"https:\/\/navaloncocinas.com\/index.php?rest_route=\/wp\/v2\/pages\/30\/revisions\/132"}],"wp:attachment":[{"href":"https:\/\/navaloncocinas.com\/index.php?rest_route=%2Fwp%2Fv2%2Fmedia&parent=30"}],"curies":[{"name":"wp","href":"https:\/\/api.w.org\/{rel}","templated":true}]}}